e
Is 1124 a multiple of 34?
False
Is 13 a factor of 338?
True
Does 82 divide 164?
True
Is 45 a factor of 9990?
True
Does 96 divide 560?
False
Is 17 a factor of 91?
False
Is 2 a factor of 6337?
False
Is 1231 a multiple of 94?
False
Is 13561 a multiple of 10?
False
Is 2917 a multiple of 25?
False
Is 22 a factor of 1339?
False
Does 22 divide 5326?
False
Does 13 divide 221?
True
Is 10 a factor of 559?
False
Is 750 a multiple of 30?
True
Does 3 divide 8571?
True
Is 22 a factor of 1554?
False
Is 8 a factor of 209?
False
Does 9 divide 1746?
True
Is 33 a factor of 363?
True
Does 13 divide 22312?
False
Is 5574 a multiple of 36?
False
Does 7 divide 1442?
True
Is 14334 a multiple of 39?
False
Does 33 divide 13002?
True
Does 6 divide 1266?
True
Is 5125 a multiple of 125?
True
Is 65 a factor of 2860?
True
Does 68 divide 9046?
False
Is 30 a factor of 129?
False
Is 10435 a multiple of 7?
False
Is 3212 a multiple of 98?
False
Is 11 a factor of 6952?
True
Is 5 a factor of 1410?
True
Is 258 a multiple of 4?
False
Does 6 divide 54?
True
Does 19 divide 1805?
True
Does 4 divide 17?
False
Is 2508 a multiple of 44?
True
Is 26460 a multiple of 42?
True
Does 25 divide 4375?
True
Does 19 divide 190?
True
Does 89 divide 769?
False
Is 54 a multiple of 24?
False
Is 19705 a multiple of 7?
True
Does 87 divide 58551?
True
Does 118 divide 59236?
True
Does 99 divide 9605?
False
Is 3357 a multiple of 9?
True
Is 4520 a multiple of 26?
False
Is 43 a factor of 6028?
False
Is 33 a factor of 3993?
True
Is 80 a factor of 1680?
True
Is 31 a factor of 17732?
True
Is 4 a factor of 124?
True
Is 9884 a multiple of 100?
False
Is 992 a multiple of 31?
True
Is 73128 a multiple of 22?
True
Is 6 a factor of 7406?
False
Does 11 divide 858?
True
Is 87 a factor of 696?
True
Is 4928 a multiple of 64?
True
Is 490 a multiple of 10?
True
Is 660 a multiple of 44?
True
Is 24 a factor of 775?
False
Does 66 divide 801?
False
Is 900 a multiple of 19?
False
Is 5725 a multiple of 5?
True
Is 485 a multiple of 6?
False
Is 8449 a multiple of 11?
False
Is 6 a factor of 321?
False
Does 40 divide 3160?
True
Does 7 divide 229?
False
Is 2960 a multiple of 37?
True
Is 3135 a multiple of 165?
True
Does 25 divide 797?
False
Is 24 a factor of 3768?
True
Does 75 divide 45150?
True
Does 11 divide 17809?
True
Does 94 divide 752?
True
Does 65 divide 4076?
False
Does 12 divide 15828?
True
Is 258 a multiple of 43?
True
Is 45 a factor of 4842?
False
Is 3 a factor of 966?
True
Is 23 a factor of 86158?
True
Is 27 a factor of 161?
False
Is 7 a factor of 2493?
False
Does 46 divide 1058?
True
Is 18 a factor of 573?
False
Is 9 a factor of 2367?
True
Is 31 a factor of 1364?
True
Is 26 a factor of 37548?
False
Does 123 divide 6330?
False
Is 12038 a multiple of 13?
True
Is 57 a factor of 94?
False
Does 5 divide 508?
False
Is 45 a factor of 3015?
True
Is 2 a factor of 19?
False
Does 5 divide 269?
False
Is 20610 a multiple of 45?
True
Is 2831 a multiple of 17?
False
Is 21887 a multiple of 24?
False
Is 21 a factor of 405?
False
Does 17 divide 11376?
False
Is 16 a factor of 4384?
True
Is 40184 a multiple of 11?
False
Does 34 divide 16048?
True
Is 11 a factor of 40887?
True
Does 73 divide 1271?
False
Is 4004 a multiple of 9?
False
Is 35 a factor of 3220?
True
Does 103 divide 1648?
True
Is 2 a factor of 12?
True
Is 145 a factor of 4942?
False
Does 85 divide 8385?
False
Is 269 a multiple of 4?
False
Is 38 a factor of 2394?
True
Is 18698 a multiple of 30?
False
Does 7 divide 10641?
False
Does 120 divide 38880?
True
Is 3684 a multiple of 49?
False
Is 269 a factor of 4139?
False
Does 49 divide 49?
True
Is 1126 a multiple of 15?
False
Is 17 a factor of 6687?
False
Is 53 a factor of 16271?
True
Is 85 a factor of 382?
False
Is 26 a factor of 234?
True
Is 4 a factor of 804?
True
Is 49 a factor of 931?
True
Is 32410 a multiple of 15?
False
Is 288 a multiple of 4?
True
Does 60 divide 3086?
False
Does 4 divide 834?
False
Is 13 a factor of 5707?
True
Is 8091 a multiple of 31?
True
Does 9 divide 2427?
False
Is 317 a multiple of 28?
False
Does 7 divide 995?
False
Is 20076 a multiple of 84?
True
Is 62 a factor of 10925?
False
Is 45 a factor of 1367?
False
Is 10 a factor of 11086?
False
Does 172 divide 6944?
False
Does 5 divide 7830?
True
Is 363 a multiple of 54?
False
Is 17839 a multiple of 8?
False
Does 69 divide 21459?
True
Does 9 divide 2430?
True
Is 209 a multiple of 19?
True
Does 62 divide 4440?
False
Is 23280 a multiple of 20?
True
Does 10 divide 19609?
False
Is 2 a factor of 18163?
False
Does 12 divide 12?
True
Is 16362 a multiple of 18?
True
Is 2223 a multiple of 37?
False
Is 54 a factor of 3187?
False
Is 16 a factor of 592?
True
Is 57 a factor of 1127?
False
Is 1683 a multiple of 9?
True
Is 35070 a multiple of 105?
True
Is 36 a factor of 4111?
False
Does 3 divide 168?
True
Does 30 divide 2685?
False
Is 49441 a multiple of 165?
False
Is 18 even?
True
Does 12 divide 60768?
True
Does 9 divide 1557?
True
Is 13 a factor of 17238?
True
Is 401 a multiple of 11?
False
Is 14941 a multiple of 223?
True
Does 6 divide 189?
False
Is 22 a factor of 3036?
True
Is 648 a multiple of 45?
False
Is 12 a factor of 394?
False
Does 25 divide 40350?
True
Is 1860 a multiple of 20?
True
Is 1001 a multiple of 13?
True
Does 8 divide 2139?
False
Is 38 a factor of 8971?
False
Does 17 divide 7476?
False
Is 60257 a multiple of 17?
False
Is 180 a multiple of 15?
True
Is 18 a factor of 352?
False
Is 33976 a multiple of 274?
True
Does 5 divide 12850?
True
Does 18 divide 4554?
True
Does 23 divide 736?
True
Is 4 a factor of 76?
True
Is 5 a factor of 1434?
False
Is 2014 a multiple of 23?
False
Is 35 a factor of 66500?
True
Is 10 a factor of 7169?
False
Is 23 a factor of 461?
False
Is 10535 a multiple of 189?
False
Is 7 a factor of 3311?
True
Does 24 divide 13512?
True
Does 40 divide 46?
False
Is 51 a factor of 51?
True
Does 49 divide 1029?
True
Is 12065 a multiple of 13?
False
Does 27 divide 93793?
False
Is 25 a factor of 2700?
True
Is 4 a factor of 1623?
False
Is 29 a factor of 3973?
True
Is 12450 a multiple of 25?
True
Is 727 a multiple of 26?
False
Is 12096 a multiple of 36?
True
Does 15 divide 6534?
False
Does 45 divide 939?
False
Does 11 divide 140?
False
Is 21 a factor of 2562?
True
Is 8698 a multiple of 4?
False
Is 3 a factor of 1681?
False
Is 83 a factor of 8549?
True
Does 58 divide 5626?
True
Does 23 divide 848?
False
Is 133 a multiple of 16?
False
Is 127 a multiple of 23?
False
Is 68 a factor of 586?
False
Does 19 divide 5573?
False
Does 2 divide 397?
False
Is 7 a factor of 11?
False
Is 10698 a multiple of 25?
False
Does 7 divide 14532?
True
Does 43 divide 1285?
False
Is 4 a factor of 848?
True
Is 8 a factor of 6296?
True
Does 16 divide 11554?
False
Is 192 a factor of 16142?
False
Is 132 a factor of 21234?
False
Is 22015 a multiple of 5?
True
Is 4156 a multiple of 15?
False
Is 92 a factor of 420?
False
Is 44 a factor of 447?
False
Is 815 a multiple of 18?
False
Is 25 a factor of 20529?
False
Does 4 divide 993?
False
Does 2 divide 7330?
True
Does 23 divide 3186?
False
Is 55 a factor of 1265?
True
Is 21 a factor of 70656?
False
Is 256 a multiple of 2?
True
Is 32 a factor of 96?
True
Does 15 divide 810?
True
Is 23 a factor of 490?
False
Is 30 a factor of 10430?
False
Is 22902 a multiple of 66?
True
Is 31 a factor of 3815?
False
Is 272 a multiple of 16?
True
Does 57 divide 570?
True
Is 9 a factor of 1197?
True
Is 50 a factor of 3020?
False
Is 45 a multiple of 4?
False
Does 19 divide 14649?
True
Is 10 a factor of 1120?
True
Is 60785 a multiple of 47?
False
Is 86 a factor of 1845?
False
Does 13 divide 39727?
False
Is 384 a multiple of 192?
True
Is 63 a factor of 64323?
True
Is 17 a factor of 2057?
True
Does 15 divide 1089?
False
Is 76 a factor of 6536?
True
Is 34 a factor of 340?
True
Is 1343 a multiple of 24?
False
Is 57 a factor of 10545?
True
Does 20 divide 5790?
False
Is 1296 a multiple of 24?
True
Is 689 a multiple of 7?
False
Is 583 a multiple of 17?
False
Is 48 a factor of 2256?
True
Is 126 a multiple of 6?
True
Is 49 a factor of 7108?
False
Is 16 a factor of 13088?
True
Does 30 divide 2308?
False
Is 16 a factor of 1840?
True
Is 92 a factor of 5272?
False
Does 32 divide 1728?
True
Is 8996 a multiple of 13?
True
Is 87 a factor of 1017?
False
Is 25 a factor of 825?
True